inder when 2262028 is divided by 1495.
93
Calculate the remainder when 8962660 is divided by 429.
421
What is the remainder when 1928632 is divided by 2775?
7
Calculate the remainder when 41919 is divided by 1163.
51
Calculate the remainder when 213896 is divided by 13.
7
Calculate the remainder when 357969 is divided by 1559.
958
What is the remainder when 20592593 is divided by 5804?
1
Calculate the remainder when 724102 is divided by 178.
176
What is the remainder when 4986302 is divided by 21?
20
What is the remainder when 26744936 is divided by 136?
128
Calculate the remainder when 103036 is divided by 3030.
16
Calculate the remainder when 2046308 is divided by 94.
22
Calculate the remainder when 93103 is divided by 3872.
175
Calculate the remainder when 21898336 is divided by 85.
41
Calculate the remainder when 24589 is divided by 33.
4
What is the remainder when 2542885 is divided by 847538?
271
Calculate the remainder when 51142 is divided by 12536.
998
Calculate the remainder when 993688 is divided by 27.
7
What is the remainder when 221999 is divided by 19?
3
What is the remainder when 1288219 is divided by 1566?
967
Calculate the remainder when 189742 is divided by 2434.
2324
What is the remainder when 5017708 is divided by 1003540?
8
Calculate the remainder when 316986 is divided by 316959.
27
Calculate the remainder when 9894470 is divided by 2570.
2540
Calculate the remainder when 25896551 is divided by 8632176.
23
Calculate the remainder when 8355508 is divided by 81.
34
Calculate the remainder when 1656441 is divided by 2676.
2673
Calculate the remainder when 18899821 is divided by 9449904.
13
Calculate the remainder when 94743 is divided by 6699.
957
What is the remainder when 179711 is divided by 59893?
32
Calculate the remainder when 51413 is divided by 918.
5
Calculate the remainder when 7857276 is divided by 170810.
16
Calculate the remainder when 167000 is divided by 165924.
1076
Calculate the remainder when 135908509 is divided by 32.
29
Calculate the remainder when 10495348 is divided by 19.
14
What is the remainder when 2722859 is divided by 139?
127
Calculate the remainder when 1271744 is divided by 423598.
950
What is the remainder when 34211666 is divided by 427?
426
What is the remainder when 381539 is divided by 60?
59
What is the remainder when 298311839 is divided by 15?
14
Calculate the remainder when 359263 is divided by 176831.
5601
Calculate the remainder when 1435031 is divided by 21.
17
What is the remainder when 30516624 is divided by 73?
69
Calculate the remainder when 2418721 is divided by 11095.
11
Calculate the remainder when 182822 is divided by 60790.
452
What is the remainder when 2258945 is divided by 37?
21
What is the remainder when 12850510 is divided by 7252?
7218
What is the remainder when 11683505 is divided by 11683504?
1
Calculate the remainder when 38908996 is divided by 20244.
28
What is the remainder when 3700939 is divided by 488?
435
What is the remainder when 11469232 is divided by 1377?
199
Calculate the remainder when 11893523 is divided by 120.
83
What is the remainder when 27093398 is divided by 100?
98
Calculate the remainder when 14591962 is divided by 2729.
2728
What is the remainder when 70248556 is divided by 7486?
7418
Calculate the remainder when 76227905 is divided by 1538.
11
Calculate the remainder when 27682 is divided by 27468.
214
Calculate the remainder when 311260 is divided by 4371.
919
Calculate the remainder when 44472385 is divided by 5268.
5197
What is the remainder when 183094 is divided by 170?
4
What is the remainder when 71614398 is divided by 704?
702
Calculate the remainder when 164130 is divided by 50103.
13821
What is the remainder when 8836004 is divided by 4417996?
12
Calculate the remainder when 7670712 is divided by 5107.
5105
What is the remainder when 99347503 is divided by 134983?
15
Calculate the remainder when 8858883 is divided by 4036.
3899
Calculate the remainder when 78116 is divided by 11.
5
Calculate the remainder when 2305676 is divided by 768522.
110
What is the remainder when 24947 is divided by 2685?
782
What is the remainder when 33203 is divided by 3258?
623
Calculate the remainder when 4317108 is divided by 127.
124
Calculate the remainder when 1185508 is divided by 3095.
123
Calculate the remainder when 1230922 is divided by 3770.
1902
Calculate the remainder when 8027 is divided by 71.
4
What is the remainder when 20476808 is divided by 948?
8
Calculate the remainder when 4077638 is divided by 13.
6
Calculate the remainder when 61612499 is divided by 71064.
11
Calculate the remainder when 697459 is divided by 93.
52
What is the remainder when 623299 is divided by 139?
23
Calculate the remainder when 532503 is divided by 774.
765
Calculate the remainder when 53641001 is divided by 4850.
1
What is the remainder when 4402572 is divided by 383?
370
What is the remainder when 677751 is divided by 56401?
939
Calculate the remainder when 747618270 is divided by 16.
14
What is the remainder when 423859 is divided by 105901?
255
Calculate the remainder when 17290 is divided by 3955.
1470
Calculate the remainder when 7915236 is divided by 15894.
24
Calculate the remainder when 1268148 is divided by 33372.
12
What is the remainder when 2983860 is divided by 1333?
606
What is the remainder when 77036 is divided by 3365?
3006
Calculate the remainder when 144598 is divided by 71614.
1370
What is the remainder when 884129 is divided by 5247?
2633
What is the remainder when 58122766 is divided by 268?
266
What is the remainder when 65184669 is divided by 34471?
8
Calculate the remainder when 87370 is divided by 322.
108
What is the remainder when 905854 is divided by 17091?
31
Calculate the remainder when 38407 is divided by 6356.
271
What is the remainder when 685077 is divided by 2879?
2754
Calculate the remainder when 2559979 is divided by 388.
343
Calculate the remainder when 6628949 is divided by 533.
28
What is the remainder when 174716 is divided by 58135?
311
Calculate the remainder when 40946723 is divided by 1046.
7
What is the remainder when 69966231 is divided by 78?
75
Calculate the remainder when 6324928 is divided by 10775.
3
Calculate the remainder when 6932013 is divided by 37.
26
What is the remainder when 61138768 is divided by 1078?
1076
What is the remainder when 31518879 is divided by 160?
159
Calculate the remainder when 135806 is divided by 5906.
5874
What is the remainder when 20871574 is divided by 6957189?
7
Calculate the remainder when 587023 is divided by 344.
159
Calculate the remainder when 3791822 is divided by 8.
6
What is the remainder when 214578 is divided by 169?
117
What is the remainder when 1915360 is divided by 31?
25
Calculate the remainder when 29230572 is divided by 25.
22
Calculate the remainder when 2728532 is divided by 88016.
36
Calculate the remainder when 256259 is divided by 31854.
1427
What is the remainder when 11479151 is divided by 631?
630
Calculate the remainder when 178866537 is divided by 17867.
0
Calculate the remainder when 263542 is divided by 987.
13
Calculate the remainder when 2837795 is divided by 2027.
2022
Calculate the remainder when 111453626 is divided by 312195.
11
Calculate the remainder when 55533 is divided by 49419.
6114
What is the remainder when 278864 is divided by 77?
47
What is the remainder when 36549536 is divided by 493?
488
Calculate the remainder when 35934863 is divided by 28.
27
Calculate the remainder when 5864264 is divided by 62.
56
What is the remainder when 69551 is divided by 68977?
574
What is the remainder when 26114 is divided by 1220?
494
What is the remainder when 9703 is divided by 588?
295
Calculate the remainder when 3649937 is divided by 95.
37
What is the remainder when 112450 is divided by 1223?
1157
What is the remainder when 2807595 is divided by 1434?
1257
Calculate the remainder when 55067 is divided by 10995.
92
What is the remainder when 163326780 is divided by 29?
27
Calculate the remainder when 565833 is divided by 10469.
507
Calculate the remainder when 627579 is divided by 231.
183
What is the remainder when 484349 is divided by 34595?
19
What is the remainder when 248708 is divided by 172?
168
Calculate the remainder when 141